{"id":32,"date":"2023-07-27T03:40:29","date_gmt":"2023-07-27T03:40:29","guid":{"rendered":"https:\/\/icapvaldivia.cl\/2.0\/?page_id=32"},"modified":"2023-11-07T16:55:45","modified_gmt":"2023-11-07T16:55:45","slug":"ingles","status":"publish","type":"page","link":"https:\/\/icapvaldivia.cl\/2.0\/ingles","title":{"rendered":"Ingl\u00e9s"},"content":{"rendered":"<h1><span style=\"color: #ffffff;\">II WORKSHOP ICAP<\/span><\/h1>\n<p><span style=\"color: #ffffff;\">Attractions of the World<\/span><br \/>\n<span style=\"color: #ffffff;\">El presente proyecto tuvo por objetivo desarrollar en nuestros estudiantes lo siguiente:<\/span><br \/>\n<span style=\"color: #ffffff;\">\u2022 Desarrollar capacidad de investigaci\u00f3n.<\/span><br \/>\n<span style=\"color: #ffffff;\">\u2022 Fomentar el trabajo en equipo.<\/span><br \/>\n<span style=\"color: #ffffff;\">\u2022 Conocer en profundidad los atractivos tur\u00edsticos del mundo.<\/span><br \/>\n<span style=\"color: #ffffff;\">\u2022 Mejorar habilidades de habla y escucha en ingl\u00e9s.<\/span><br \/>\n<span style=\"color: #ffffff;\">\u2022 Fomento lector.<\/span><br \/>\n<span style=\"color: #ffffff;\">\u2022 Mejorar la diversidad e inclusi\u00f3n de cultura e idiomas seg\u00fan nuestro PEI, Educaci\u00f3n global Impacto local.<\/span><\/p>\n<p><span style=\"color: #ffffff;\">Los estudiantes de ense\u00f1anza media fueron los encargados de la investigaci\u00f3n y posterior presentaci\u00f3n en gimnasio, a toda la comunidad educativa, en formato de stand.<\/span><br \/>\n<span style=\"color: #ffffff;\">Cada curso desde primero medio a cuarto medio, fueron divididos en grupos de 3 a 4 integrantes los cuales investigaron cada atractivo mundial.<\/span><br \/>\n<span style=\"color: #ffffff;\">Cada grupo fu\u00e9 evaluado seg\u00fan rubrica entregada previamente por profesora a cargo.<\/span><br \/>\n<span style=\"color: #ffffff;\">Desde la visi\u00f3n creativa profesor Luis Santib\u00e1\u00f1ez fue el encargado de evaluar las exposiciones.<\/span><br \/>\n<span style=\"color: #ffffff;\">Estudiantes desde prekinder a octavo a\u00f1o, visitaron la muestra y pudieron preguntar y participar de diversas actividades propuestas por cada atractivo tur\u00edstico.<\/span><\/p>\n<p><img loading=\"lazy\" decoding=\"async\" class=\"aligncenter wp-image-1351 size-full\" src=\"https:\/\/icapvaldivia.cl\/2.0\/wp-content\/uploads\/2023\/11\/WSII02-e1699318301713.jpg\" alt=\"\" width=\"720\" height=\"437\" srcset=\"https:\/\/icapvaldivia.cl\/2.0\/wp-content\/uploads\/2023\/11\/WSII02-e1699318301713.jpg 720w, https:\/\/icapvaldivia.cl\/2.0\/wp-content\/uploads\/2023\/11\/WSII02-e1699318301713-300x182.jpg 300w\" sizes=\"auto, (max-width: 720px) 100vw, 720px\" \/> <img loading=\"lazy\" decoding=\"async\" class=\"aligncenter wp-image-1352 size-full\" src=\"https:\/\/icapvaldivia.cl\/2.0\/wp-content\/uploads\/2023\/11\/WSII03-e1699318336249.jpg\" alt=\"\" width=\"720\" height=\"480\" srcset=\"https:\/\/icapvaldivia.cl\/2.0\/wp-content\/uploads\/2023\/11\/WSII03-e1699318336249.jpg 720w, https:\/\/icapvaldivia.cl\/2.0\/wp-content\/uploads\/2023\/11\/WSII03-e1699318336249-300x200.jpg 300w\" sizes=\"auto, (max-width: 720px) 100vw, 720px\" \/> <img loading=\"lazy\" decoding=\"async\" class=\"aligncenter wp-image-1353 size-full\" src=\"https:\/\/icapvaldivia.cl\/2.0\/wp-content\/uploads\/2023\/11\/WSII04-e1699318379208.jpg\" alt=\"\" width=\"720\" height=\"869\" srcset=\"https:\/\/icapvaldivia.cl\/2.0\/wp-content\/uploads\/2023\/11\/WSII04-e1699318379208.jpg 720w, https:\/\/icapvaldivia.cl\/2.0\/wp-content\/uploads\/2023\/11\/WSII04-e1699318379208-249x300.jpg 249w\" sizes=\"auto, (max-width: 720px) 100vw, 720px\" \/><\/p>\n<p><img loading=\"lazy\" decoding=\"async\" class=\"aligncenter size-full wp-image-1356\" src=\"https:\/\/icapvaldivia.cl\/2.0\/wp-content\/uploads\/2023\/11\/WS01.jpg\" alt=\"\" width=\"1080\" height=\"1080\" srcset=\"https:\/\/icapvaldivia.cl\/2.0\/wp-content\/uploads\/2023\/11\/WS01.jpg 1080w, https:\/\/icapvaldivia.cl\/2.0\/wp-content\/uploads\/2023\/11\/WS01-300x300.jpg 300w, https:\/\/icapvaldivia.cl\/2.0\/wp-content\/uploads\/2023\/11\/WS01-1024x1024.jpg 1024w, https:\/\/icapvaldivia.cl\/2.0\/wp-content\/uploads\/2023\/11\/WS01-150x150.jpg 150w, https:\/\/icapvaldivia.cl\/2.0\/wp-content\/uploads\/2023\/11\/WS01-768x768.jpg 768w\" sizes=\"auto, (max-width: 1080px) 100vw, 1080px\" \/> <img loading=\"lazy\" decoding=\"async\" class=\"aligncenter size-large wp-image-1357\" src=\"https:\/\/icapvaldivia.cl\/2.0\/wp-content\/uploads\/2023\/11\/WS02-1024x1024.jpg\" alt=\"\" width=\"1024\" height=\"1024\" srcset=\"https:\/\/icapvaldivia.cl\/2.0\/wp-content\/uploads\/2023\/11\/WS02-1024x1024.jpg 1024w, https:\/\/icapvaldivia.cl\/2.0\/wp-content\/uploads\/2023\/11\/WS02-300x300.jpg 300w, https:\/\/icapvaldivia.cl\/2.0\/wp-content\/uploads\/2023\/11\/WS02-150x150.jpg 150w, https:\/\/icapvaldivia.cl\/2.0\/wp-content\/uploads\/2023\/11\/WS02-768x768.jpg 768w, https:\/\/icapvaldivia.cl\/2.0\/wp-content\/uploads\/2023\/11\/WS02.jpg 1080w\" sizes=\"auto, (max-width: 1024px) 100vw, 1024px\" \/><\/p>\n<p><span style=\"color: #ffffff;\">Felicitamos a nuestros estudiantes de ense\u00f1anza media por su responsabilidad y compromiso con\u00a0la\u00a0actividad!<\/span><\/p>\n<p>&nbsp;<\/p>\n<hr \/>\n<h3><span style=\"color: #ffffff;\">Clase de ingl\u00e9s ense\u00f1anza media<\/span><\/h3>\n<p><iframe loading=\"lazy\" title=\"Clase Ingles\" width=\"1140\" height=\"641\" src=\"https:\/\/www.youtube.com\/embed\/SvF1FduB958?feature=oembed\" frameborder=\"0\" allow=\"accelerometer; autoplay; clipboard-write; encrypted-media; gyroscope; picture-in-picture; web-share\" allowfullscreen><\/iframe><\/p>\n<hr \/>\n<h4><span style=\"color: #ffffff;\">Festival de la canci\u00f3n en ingl\u00e9s en ICAP<\/span><\/h4>\n<p><span style=\"color: #ffffff;\">Competencia interescolar de la Regi\u00f3n de los R\u00edos. Profesora de ingl\u00e9s a cargo Miss Myriam Beroiza, iniciativa desde el a\u00f1o 2013, manifiesta que los objetivos de esta actividad son:<\/span><\/p>\n<p><span style=\"color: #ffffff;\">Promover la participaci\u00f3n activa y creativa en el disfrute cultural, que facilita el aprendizaje del idioma ingl\u00e9s y brindar un espacio para la sana convivencia escolar y competencia con otras instituciones educativas de Valdivia.<\/span><\/p>\n<p><span style=\"color: #ffffff;\">En su 6a versi\u00f3n sum\u00f3 a m\u00e1s de 8 colegios con alrededor de 17 n\u00fameros art\u00edsticos.<\/span><\/p>\n\n<p>&nbsp;<\/p>\n<h4><span style=\"color: #ffffff;\">Feria de idiomas extranjeros \u00abForeign Languages Workshop\u00bb<\/span><\/h4>\n<p><span style=\"color: #ffffff;\">,organizado por Miss Myriam Bero\u00edza profesora de Ingl\u00e9s, la cual tiene por objetivo.<\/span><\/p>\n<p><span style=\"color: #ffffff;\">Desarrollar en los estudiantes lo siguiente:<\/span><\/p>\n<ul>\n<li><span style=\"color: #ffffff;\">Desarrollar capacidad de investigaci\u00f3n<\/span><\/li>\n<li><span style=\"color: #ffffff;\">Fomentar el trabajo en equipo<\/span><\/li>\n<li><span style=\"color: #ffffff;\">Conocer en profundidad los pa\u00edses de habla inglesa del mundo, cultura, historia, personajes influyentes a trav\u00e9s del tiempo.<\/span><\/li>\n<li><span style=\"color: #ffffff;\">Mejorar habilidades de habla y escucha en ingl\u00e9s.<\/span><\/li>\n<li><span style=\"color: #ffffff;\">Fomento lector.<\/span><\/li>\n<li><span style=\"color: #ffffff;\">Mejorar la diversidad e inclusi\u00f3n de cultura e\u00a0idiomas\u00a0seg\u00fan nuestro PEI,\u00a0<strong>Educaci\u00f3n global<\/strong><strong>, acci\u00f3n<\/strong><strong> local.<\/strong><\/span><\/li>\n<\/ul>\n<p><span style=\"color: #ffffff;\">Los\u00a0asistentes\u00a0pudieron desarrollar preguntas en\u00a0ingl\u00e9s\u00a0tanto\u00a0a alumnos\u00a0como\u00a0a profesores\u00a0de diversas\u00a0disciplinas.\u00a0Los estudiantes de ense\u00f1anza media\u00a0fueron\u00a0los encargados de la investigaci\u00f3n y posterior presentaci\u00f3n en gimnasio, a toda la comunidad educativa, en formato de stand. Adem\u00e1s\u00a0contamos\u00a0con la participaci\u00f3n\u00a0de los\u00a0estudiantes\u00a0de ense\u00f1anza\u00a0b\u00e1sica, quienes\u00a0presentaron\u00a0informaci\u00f3n relevante\u00a0de China y Francia. Idiomas\u00a0que imparti\u00f3 el instituto desde primero\u00a0b\u00e1sico\u00a0a ense\u00f1anza media con los profesores\u00a0Handa Tian, Alba Anzola y Mario S\u00e1nchez.<\/span><\/p>\n\n","protected":false},"excerpt":{"rendered":"<p>II WORKSHOP ICAP Attractions of the World El presente proyecto tuvo por objetivo desarrollar en nuestros estudiantes lo siguiente: \u2022 Desarrollar capacidad de investigaci\u00f3n. \u2022 Fomentar el trabajo en equipo. \u2022 Conocer en profundidad los atractivos tur\u00edsticos del mundo. \u2022 Mejorar habilidades de habla y escucha en ingl\u00e9s. \u2022 Fomento lector. \u2022 Mejorar la diversidad [&hellip;]<\/p>\n","protected":false},"author":3,"featured_media":0,"parent":0,"menu_order":0,"comment_status":"closed","ping_status":"closed","template":"","meta":{"footnotes":""},"class_list":["post-32","page","type-page","status-publish","hentry"],"_links":{"self":[{"href":"https:\/\/icapvaldivia.cl\/2.0\/wp-json\/wp\/v2\/pages\/32","targetHints":{"allow":["GET"]}}],"collection":[{"href":"https:\/\/icapvaldivia.cl\/2.0\/wp-json\/wp\/v2\/pages"}],"about":[{"href":"https:\/\/icapvaldivia.cl\/2.0\/wp-json\/wp\/v2\/types\/page"}],"author":[{"embeddable":true,"href":"https:\/\/icapvaldivia.cl\/2.0\/wp-json\/wp\/v2\/users\/3"}],"replies":[{"embeddable":true,"href":"https:\/\/icapvaldivia.cl\/2.0\/wp-json\/wp\/v2\/comments?post=32"}],"version-history":[{"count":4,"href":"https:\/\/icapvaldivia.cl\/2.0\/wp-json\/wp\/v2\/pages\/32\/revisions"}],"predecessor-version":[{"id":1400,"href":"https:\/\/icapvaldivia.cl\/2.0\/wp-json\/wp\/v2\/pages\/32\/revisions\/1400"}],"wp:attachment":[{"href":"https:\/\/icapvaldivia.cl\/2.0\/wp-json\/wp\/v2\/media?parent=32"}],"curies":[{"name":"wp","href":"https:\/\/api.w.org\/{rel}","templated":true}]}}